e
Is 51329 a prime number?
True
Is 30001 prime?
False
Is 12989 composite?
True
Is 87319 a composite number?
True
Is 392569 prime?
True
Is 78839 composite?
False
Is 83981 a prime number?
False
Is 405179 a composite number?
False
Is 83767 prime?
False
Is 3011 composite?
False
Is 177059 a composite number?
True
Is 18299 composite?
True
Is 9311 a composite number?
False
Is 124289 prime?
False
Is 7411 a prime number?
True
Is 5879 a composite number?
False
Is 6433 prime?
False
Is 57217 a prime number?
False
Is 115679 a composite number?
False
Is 781 prime?
False
Is 2491 composite?
True
Is 1426877 a prime number?
True
Is 54907 composite?
False
Is 1457 prime?
False
Is 1973 a composite number?
False
Is 69205 composite?
True
Is 72211 composite?
False
Is 28327 a prime number?
False
Is 34949 a composite number?
False
Is 30053 prime?
False
Is 573 a composite number?
True
Is 5507 a prime number?
True
Is 31945 a composite number?
True
Is 13474 a composite number?
True
Is 409 a composite number?
False
Is 1121 a prime number?
False
Is 9487 a prime number?
False
Is 69001 a composite number?
False
Is 295469 composite?
True
Is 9865 composite?
True
Is 102651 a composite number?
True
Is 653927 a composite number?
False
Is 490697 a prime number?
True
Is 1739 a prime number?
False
Is 11507 prime?
False
Is 60511 a prime number?
False
Is 5189 a prime number?
True
Is 474193 prime?
False
Is 7817 composite?
False
Is 76889 a prime number?
False
Is 309651 a prime number?
False
Is 81071 prime?
True
Is 50221 a prime number?
True
Is 13861 composite?
True
Is 22117 composite?
True
Is 531457 prime?
True
Is 7409 a prime number?
False
Is 30341 a prime number?
True
Is 14167 a composite number?
True
Is 35741 composite?
True
Is 83339 a prime number?
True
Is 16729 a composite number?
False
Is 30817 prime?
True
Is 3161207 a composite number?
True
Is 2111 a composite number?
False
Is 16867 prime?
False
Is 96847 composite?
False
Is 131357 composite?
False
Is 38767 a prime number?
True
Is 18247 a composite number?
True
Is 6941 prime?
False
Is 1151 a prime number?
True
Is 305705 a composite number?
True
Is 246971 composite?
False
Is 110089 a prime number?
False
Is 293 prime?
True
Is 205747 prime?
False
Is 2605681 a composite number?
True
Is 40947 a composite number?
True
Is 138949 composite?
True
Is 21271 prime?
False
Is 56897 a composite number?
False
Is 571331 composite?
False
Is 6503 composite?
True
Is 10519 a prime number?
False
Is 5077 a composite number?
False
Is 228647 prime?
True
Is 25249 a composite number?
True
Is 13549 a composite number?
True
Is 347 composite?
False
Is 1361 composite?
False
Is 602933 a prime number?
False
Is 122347 prime?
True
Is 3939523 a composite number?
True
Is 191339 composite?
False
Is 2287 a composite number?
False
Is 771963 a prime number?
False
Is 31207 a composite number?
True
Is 194057 composite?
False
Is 12301 a prime number?
True
Is 9931 a prime number?
True
Is 18053 prime?
False
Is 2329 a prime number?
False
Is 7309 prime?
True
Is 1535 composite?
True
Is 44339 a prime number?
False
Is 12281 a prime number?
True
Is 2903 composite?
False
Is 76894 composite?
True
Is 2249 prime?
False
Is 96865 composite?
True
Is 10645 a prime number?
False
Is 203 a composite number?
True
Is 82529 prime?
True
Is 205651 prime?
True
Is 30403 a prime number?
True
Is 2609 composite?
False
Is 98062 a composite number?
True
Is 1171 a prime number?
True
Is 18393 composite?
True
Is 1091917 composite?
False
Is 12147 prime?
False
Is 7601 a composite number?
True
Is 6385 a composite number?
True
Is 40751 a prime number?
True
Is 362497 composite?
True
Is 16673 prime?
True
Is 4201 a prime number?
True
Is 11751 a prime number?
False
Is 84431 composite?
False
Is 478999 a composite number?
False
Is 202649 prime?
False
Is 391877 a prime number?
False
Is 347 a composite number?
False
Is 21169 a composite number?
False
Is 2819 composite?
False
Is 915049 composite?
False
Is 16277 composite?
True
Is 128929 a prime number?
False
Is 157 composite?
False
Is 1584799 prime?
False
Is 17077 prime?
True
Is 1011859 a prime number?
False
Is 26 a prime number?
False
Is 2381827 a prime number?
False
Is 319 a prime number?
False
Is 3521611 a composite number?
True
Is 1181617 prime?
True
Is 2767 prime?
True
Is 379051 prime?
False
Is 197939 a composite number?
True
Is 656027 composite?
True
Is 5006 a composite number?
True
Is 3697 a composite number?
False
Is 2151497 composite?
False
Is 4921379 a prime number?
False
Is 99949 a composite number?
True
Is 16331 composite?
True
Is 205 composite?
True
Is 739 a prime number?
True
Is 18451 composite?
False
Is 32203 composite?
False
Is 318131 prime?
False
Is 803773 a prime number?
False
Is 85991 prime?
True
Is 46819 prime?
True
Is 33149 prime?
True
Is 68891 a prime number?
True
Is 9391 a prime number?
True
Is 14521 composite?
True
Is 7451 a composite number?
False
Is 99079 prime?
True
Is 481223 composite?
True
Is 1109 composite?
False
Is 18826 prime?
False
Is 65103 a prime number?
False
Is 9529 prime?
False
Is 1149341 prime?
True
Is 2543 prime?
True
Is 258439 prime?
False
Is 22247 a composite number?
False
Is 3083 a prime number?
True
Is 5171 a prime number?
True
Is 189866 prime?
False
Is 14137 composite?
True
Is 58 a composite number?
True
Is 197279 a prime number?
True
Is 910727 a composite number?
True
Is 95311 composite?
False
Is 13217 prime?
True
Is 37337 composite?
False
Is 288179 a composite number?
False
Is 241883 composite?
False
Is 159947 a prime number?
False
Is 20782 a composite number?
True
Is 25717 a composite number?
False
Is 58553 a composite number?
True
Is 4541 a composite number?
True
Is 4596931 composite?
True
Is 11215 composite?
True
Is 746653 composite?
False
Is 566373 a composite number?
True
Is 62435 a prime number?
False
Is 46399 prime?
True
Is 23557 prime?
True
Is 110707 prime?
False
Is 859619 composite?
False
Is 5737 a prime number?
True
Is 449149 prime?
True
Is 93809 a prime number?
True
Is 5703 a prime number?
False
Is 373 composite?
False
Is 14369 prime?
True
Is 1082687 composite?
True
Is 126283 a prime number?
False
Is 19829 a composite number?
True
Is 462401 a composite number?
False
Is 7391 composite?
True
Is 156311 prime?
False
Is 126781 a composite number?
False
Is 18329 a composite number?
False
Is 564969 prime?
False
Is 5569 a composite number?
False
Is 137323 a prime number?
False
Is 1133 composite?
True
Is 504521 composite?
False
Is 552553 a prime number?
True
Is 4903 prime?
True
Is 4788845 a composite number?
True
Is 55801 composite?
True
Is 2731487 a composite number?
True
Is 2762 a composite number?
True
Is 25339 a prime number?
True
Is 63003 a composite number?
True
Is 229459 composite?
False
Is 75587 prime?
False
Is 216679 a prime number?
True
Is 38431 a prime number?
True
Is 124087 composite?
False
Is 25421 a prime number?
False
Is 1361 composite?
False
Is 561499 a composite number?
True
Is 52637 prime?
False
Is 1081361 a prime number?
True
Is 26339 a composite number?
False
Is 1580369 a composite number?
True
Is 28199 a composite number?
True
Is 22013 prime?
True
Is 54647 a composite number?
False
Is 38993 a prime number?
True
Is 1927 a composite number?
True
Is 15833 a prime number?
False
Is 21859 prime?
True
Is 33127 a prime number?
False
Is 318737 a composite number?
False
Is 192091 composite?
False
Is 942341 prime?
True
Is 5558527 composite?
True
Is 10643 a prime number?
False
Is 634643 composite?
False
Is 22187 prime?
False
Is 1324187 a composite number?
False
Is 57881 a prime number?
True
Is 32605 a prime number?
False
Is 13402 a prime number?
False
Is 9311 composite?
False
Is 33043 prime?
False
Is 205237 composite?
False
Is 271013 composite?
False
Is 25651 a composite number?
True
Is 385793 composite?
False
Is 1367 a prime number?
True
Is 20477 a composite number?
False
Is 203491 a prime number?
False
Is 908711 a prime number?
True
Is 176335 a prime number?
False
Is 425045 prime?
False
Is 262253 a prime number?
True
Is 88745 a prime number?
False
Is 1973 a composite number?
False
Is 140521 a composite number?
False
Is 74093 composite?
False
Is 1148381 a composite number?
True
Is 262189 prime?
False
Is 144103 prime?
True
Is 204503 prime?
False
Is 4405 a composite number?
True
Is 217559 prime?
True
Is 118131